{"id":835,"date":"2018-04-25T12:29:46","date_gmt":"2018-04-25T12:29:46","guid":{"rendered":"http:\/\/bfs.itworqs.de\/?page_id=835"},"modified":"2026-01-15T11:36:35","modified_gmt":"2026-01-15T09:36:35","slug":"ligne-colmar","status":"publish","type":"page","link":"https:\/\/bfs-linie.de\/fr\/ligne-colmar\/","title":{"rendered":"Ligne Colmar"},"content":{"rendered":"<p><strong>R\u00e9servation obligatoire.<\/strong><br \/>\nR\u00e9duction de 50% pour les enfants de 3 \u00e0 12 ans.<br \/>\nEnfants de 0 \u00e0 2 ans : \u20ac 12,00 frais de transport.<\/p>\n<h4><\/h4>\n<h4><strong>Colmar &#8211; Sur les traces de Napoleon<\/strong><\/h4>\n<p><strong>Mai \u00e0 Octobre 2026<\/strong><\/p>\n<p>Mai : Sam. 2 \/ Jeu 14 \/ Sam 23<\/p>\n<p>Juin : Jeu 4 \/ Sam 13\/ Sam 20 \/ Sam 27<\/p>\n<p>Juillet\u00a0: Ven 10 \/ Sam 18 \/ Sam 25<\/p>\n<p>Ao\u00fbt\u00a0: Sam 8 \/ Ven 14 \/ Ven 21 \/ Sam 29<\/p>\n<p>Septembre\u00a0: Sam 5 \/ Sam 12 \/ Sam 19 \/ Sam 26<\/p>\n<p>Octobre\u00a0: Sam 10 \/ Sam 17 \/ Sam 24<\/p>\n<p>&nbsp;<\/p>\n<p>D\u00e9part de Breisach avec le bateau \u00e0 l\u00b4embarquement Pont 2: 9h00<\/p>\n<p>Petit dejeuner \u00e0 bord compris<\/p>\n<p>1 Caf\u00e9,\u00a0 2 petits pains, charcuterie, fromage, beurre, confiture<\/p>\n<p>Arriv\u00e9e \u00e0 Kunheim: env. 12h30<\/p>\n<p>Transfert en bus jusqu\u00b4\u00e0 la Place Lacarre<\/p>\n<p>D\u00e9part Place Lacarre en bus: 17h30<br \/>\n<strong><br \/>\nPrix par personne \u20ac 58,00<\/strong><\/p>\n<p>&nbsp;<\/p>\n<p><strong>Les chiens non accept\u00e9s dans le bus<\/strong><\/p>\n<p>&nbsp;<\/p>\n<p>&nbsp;<\/p>\n<p><strong>Information sp\u00e9ciale concernant la Ligne Colmar:<\/strong><br \/>\nNombre de participants minimum 30 personnes.<br \/>\nL\u2019utilisation du pont sup\u00e9rieur est de la responsabilit\u00e9 des passagers. La consommation de repas et de boissons apport\u00e9s sur le bateau est interdite. Groupe : Les groupes reserv\u00e9s doivent imperativement \u00eatre r\u00e9gl\u00e9 par le responsable du groupe! En cas de trop faible participation, nous nous r\u00e9servons le droit d\u2018annuler les d\u00e9parts ou de modifier les horaires.<\/p>\n<p>&nbsp;<\/p>\n<h4>Ligne de march\u00e9 de noel 2026<\/h4>\n<p><strong>Novembre &#8211; Decembre 2026<\/strong><\/p>\n<p>Sam. 28.11.2026 Colmar<\/p>\n<p>Dim. 29.11.2026 Riquewihr<\/p>\n<p>Sam. 5.12.2026 Riquewihr<\/p>\n<p>Dim. 6.12.2026 Colmar<\/p>\n<p>Sam. 12.12.2026 Colmar<\/p>\n<p>Dim. 13.12.2026 Riquewihr<\/p>\n<p>Sam. 19.12.2026 Riquewihr<\/p>\n<p>Dim. 20.12.2026 Colmar<\/p>\n<p>&nbsp;<\/p>\n<p>D\u00e9part de Breisach avec le bateau \u00e0 l\u00b4embarquement Pont 2:\u00a0 11h00<\/p>\n<p>D\u00e9jeuner \u00e0 bord<\/p>\n<p>Arriv\u00e9e \u00e0 Kunheim:\u00a0\u00a0\u00a0\u00a0\u00a0\u00a0\u00a0\u00a0\u00a0\u00a0\u00a0\u00a0\u00a0\u00a0\u00a0\u00a0\u00a0\u00a0\u00a0\u00a0\u00a0\u00a0\u00a0\u00a0\u00a0\u00a0\u00a0\u00a0\u00a0\u00a0\u00a0\u00a0\u00a0\u00a0\u00a0\u00a0\u00a0\u00a0\u00a0\u00a0\u00a0\u00a0\u00a0\u00a0\u00a0\u00a0\u00a0\u00a0\u00a0\u00a0\u00a0\u00a0\u00a0\u00a0\u00a0\u00a0\u00a0\u00a0\u00a0\u00a0\u00a0\u00a0\u00a0\u00a0\u00a0\u00a0\u00a0\u00a0\u00a0\u00a0\u00a0\u00a0\u00a0\u00a0\u00a0\u00a0\u00a0\u00a0\u00a0\u00a0\u00a0\u00a0\u00a0\u00a0\u00a0 14h30<\/p>\n<p>Transfert en bus au march\u00e9 de Noel<\/p>\n<p>D\u00e9part en bus: \u00a0\u00a0\u00a0\u00a0\u00a0\u00a0\u00a0\u00a0\u00a0\u00a0\u00a0\u00a0\u00a0\u00a0\u00a0\u00a0\u00a0\u00a0\u00a0\u00a0\u00a0\u00a0\u00a0\u00a0\u00a0\u00a0\u00a0\u00a0\u00a0\u00a0\u00a0\u00a0\u00a0\u00a0\u00a0\u00a0\u00a0\u00a0\u00a0\u00a0\u00a0\u00a0\u00a0\u00a0\u00a0\u00a0\u00a0\u00a0\u00a0\u00a0\u00a0\u00a0\u00a0\u00a0\u00a0\u00a0\u00a0\u00a0\u00a0\u00a0\u00a0\u00a0\u00a0\u00a0\u00a0\u00a0\u00a0\u00a0\u00a0\u00a0\u00a0\u00a0\u00a0\u00a0\u00a0\u00a0\u00a0\u00a0\u00a0\u00a0\u00a0\u00a0\u00a0\u00a0\u00a0\u00a0\u00a0\u00a0\u00a0\u00a0\u00a0\u00a0\u00a0 18h30<\/p>\n<p>Arriv\u00e9e \u00e0 Breisach \u00e0 l\u2018embarquement Pont 2 :\u00a0\u00a0\u00a0\u00a0\u00a0\u00a0\u00a0\u00a0\u00a0\u00a0\u00a0\u00a0\u00a0\u00a0\u00a0\u00a0\u00a0 \u00a0\u00a0\u00a0\u00a0\u00a0\u00a0 env. 19 h 15<\/p>\n<p><strong>Prix par personne \u20ac 67,00<\/strong><\/p>\n<p>&nbsp;<\/p>\n<p><strong>Les chiens non accept\u00e9s dans le bus<\/strong><\/p>\n<p>&nbsp;<\/p>\n<p><!--\n\n\n<h2>En bateau \u00e0 Colmar<\/h2>\n\n\n<iframe loading=\"lazy\" id=\"unserIframe\" class=\"rundfahrt\" src=\"https:\/\/tempbfs.netcontrol.de\/startseite.aspx?lang=fr\" width=\"300\" height=\"150\"><\/iframe>\n\n\n<div class=\"loadSpinner\">\n\n\n<div class=\"lds-css ng-scope\">\n\n\n<div class=\"lds-flickr\" style=\"width: 100%; height: 100%;\">\n\n\n<div><\/div>\n\n\n\n\n<div><\/div>\n\n\n\n\n<div><\/div>\n\n\n<\/div>\n\n\n<\/div>\n\n\n<\/div>\n\n\n<script>\njQuery(document).ready(function($){\n        \/\/ addEventListener support for IE8\n        function bindEvent(element, eventName, eventHandler) {\n            if (element.addEventListener){\n                element.addEventListener(eventName, eventHandler, false);\n            } else if (element.attachEvent) {\n                element.attachEvent('on' + eventName, eventHandler);\n            }\n        }\n        \/\/ Send a message to the child iframe\n        var iframeEl = document.getElementById('unserIframe'),\n            messageButton = document.getElementById('message_button'),\n            resultst = document.getElementById('resultst');\n        \/\/ Send a message to the child iframe\n        var sendMessage = function(msg) {\n            \/\/ Make sure you are sending a string, and to stringify JSON\n            iframeEl.contentWindow.postMessage(msg, '*');\n        };\n        \/\/ Send random messge data on every button click\n        \/\/bindEvent(messageButton, 'click', function (e) {\n         window.onload = function() {\n          sendMessage('Colmar_fr');\n        };\n        \/\/ Listen to message from child window\n        bindEvent(window, 'message', function (e) {\n            if(e.data == 'clicked_fr'){\n               $(\"#unserIframe\").delay(1000).animate({opacity: 1}, 1000);      \n               $(\".loadSpinner\").delay(1000).animate({opacity: 0}, 1000).fadeOut();      \n             }\n            if(e.data == 'showOverlay'){\n                $(\".iframe_overlay\").fadeIn();\n                $(\"#unserIframe\").addClass(\"fixedFrameOpen\");\n                $(\"body\").addClass(\"frameOpen\");\n                $(\"#primary\").addClass(\"addHeight\");\n             }\n             if(e.data == 'hideOverlay'){\n               \/\/ location.reload();\n                $(\".iframe_overlay\").fadeOut();\n                $(\"#unserIframe\").removeClass(\"fixedFrameOpen\");\n                $(\"body\").removeClass(\"frameOpen\");\n                $(\"#primary\").removeClass(\"addHeight\");\n             }\n        });\n});\n<\/script>\n<script>\njQuery(document).ready(function($){\nsetInterval(function(){ \nvar Oldheight = ($(\"#main\").height() - 440);\n$('#primary').height(Oldheight);\n}, 100);\n});\n<\/script>\n--><\/p>\n","protected":false},"excerpt":{"rendered":"<p>R\u00e9servation obligatoire. R\u00e9duction de 50% pour les enfants de 3 \u00e0 12 ans. Enfants de 0 \u00e0 2 ans : \u20ac 12,00 frais de transport. Colmar &#8211; Sur les traces de Napoleon Mai \u00e0 Octobre 2026 Mai : Sam. 2 \/ Jeu 14 \/ Sam 23 Juin : Jeu 4 \/ Sam 13\/ Sam 20 &hellip; <\/p>\n<p class=\"link-more\"><a href=\"https:\/\/bfs-linie.de\/fr\/ligne-colmar\/\" class=\"more-link\">Continuer la lecture<span class=\"screen-reader-text\"> de &laquo;&nbsp;Ligne Colmar&nbsp;&raquo;<\/span><\/a><\/p>\n","protected":false},"author":1,"featured_media":0,"parent":0,"menu_order":0,"comment_status":"closed","ping_status":"closed","template":"","meta":{"footnotes":""},"class_list":["post-835","page","type-page","status-publish","hentry"],"_links":{"self":[{"href":"https:\/\/bfs-linie.de\/fr\/wp-json\/wp\/v2\/pages\/835"}],"collection":[{"href":"https:\/\/bfs-linie.de\/fr\/wp-json\/wp\/v2\/pages"}],"about":[{"href":"https:\/\/bfs-linie.de\/fr\/wp-json\/wp\/v2\/types\/page"}],"author":[{"embeddable":true,"href":"https:\/\/bfs-linie.de\/fr\/wp-json\/wp\/v2\/users\/1"}],"replies":[{"embeddable":true,"href":"https:\/\/bfs-linie.de\/fr\/wp-json\/wp\/v2\/comments?post=835"}],"version-history":[{"count":37,"href":"https:\/\/bfs-linie.de\/fr\/wp-json\/wp\/v2\/pages\/835\/revisions"}],"predecessor-version":[{"id":5436,"href":"https:\/\/bfs-linie.de\/fr\/wp-json\/wp\/v2\/pages\/835\/revisions\/5436"}],"wp:attachment":[{"href":"https:\/\/bfs-linie.de\/fr\/wp-json\/wp\/v2\/media?parent=835"}],"curies":[{"name":"wp","href":"https:\/\/api.w.org\/{rel}","templated":true}]}}

<p><strong>Réservation obligatoire.</strong><br />
Réduction de 50% pour les enfants de 3 à 12 ans.<br />
Enfants de 0 à 2 ans : € 12,00 frais de transport.</p>
<h4></h4>
<h4><strong>Colmar &#8211; Sur les traces de Napoleon</strong></h4>
<p><strong>Mai à Octobre 2026</strong></p>
<p>Mai : Sam. 2 / Jeu 14 / Sam 23</p>
<p>Juin : Jeu 4 / Sam 13/ Sam 20 / Sam 27</p>
<p>Juillet : Ven 10 / Sam 18 / Sam 25</p>
<p>Août : Sam 8 / Ven 14 / Ven 21 / Sam 29</p>
<p>Septembre : Sam 5 / Sam 12 / Sam 19 / Sam 26</p>
<p>Octobre : Sam 10 / Sam 17 / Sam 24</p>
<p>&nbsp;</p>
<p>Départ de Breisach avec le bateau à l´embarquement Pont 2: 9h00</p>
<p>Petit dejeuner à bord compris</p>
<p>1 Café,  2 petits pains, charcuterie, fromage, beurre, confiture</p>
<p>Arrivée à Kunheim: env. 12h30</p>
<p>Transfert en bus jusqu´à la Place Lacarre</p>
<p>Départ Place Lacarre en bus: 17h30<br />
<strong><br />
Prix par personne € 58,00</strong></p>
<p>&nbsp;</p>
<p><strong>Les chiens non acceptés dans le bus</strong></p>
<p>&nbsp;</p>
<p>&nbsp;</p>
<p><strong>Information spéciale concernant la Ligne Colmar:</strong><br />
Nombre de participants minimum 30 personnes.<br />
L’utilisation du pont supérieur est de la responsabilité des passagers. La consommation de repas et de boissons apportés sur le bateau est interdite. Groupe : Les groupes reservés doivent imperativement être réglé par le responsable du groupe! En cas de trop faible participation, nous nous réservons le droit d‘annuler les départs ou de modifier les horaires.</p>
<p>&nbsp;</p>
<h4>Ligne de marché de noel 2026</h4>
<p><strong>Novembre &#8211; Decembre 2026</strong></p>
<p>Sam. 28.11.2026 Colmar</p>
<p>Dim. 29.11.2026 Riquewihr</p>
<p>Sam. 5.12.2026 Riquewihr</p>
<p>Dim. 6.12.2026 Colmar</p>
<p>Sam. 12.12.2026 Colmar</p>
<p>Dim. 13.12.2026 Riquewihr</p>
<p>Sam. 19.12.2026 Riquewihr</p>
<p>Dim. 20.12.2026 Colmar</p>
<p>&nbsp;</p>
<p>Départ de Breisach avec le bateau à l´embarquement Pont 2:  11h00</p>
<p>Déjeuner à bord</p>
<p>Arrivée à Kunheim:                                                                                      14h30</p>
<p>Transfert en bus au marché de Noel</p>
<p>Départ en bus:                                                                                               18h30</p>
<p>Arrivée à Breisach à l‘embarquement Pont 2 :                         env. 19 h 15</p>
<p><strong>Prix par personne € 67,00</strong></p>
<p>&nbsp;</p>
<p><strong>Les chiens non acceptés dans le bus</strong></p>
<p>&nbsp;</p>
<p><!--


<h2>En bateau à Colmar</h2>


<iframe loading="lazy" id="unserIframe" class="rundfahrt" src="https://tempbfs.netcontrol.de/startseite.aspx?lang=fr" width="300" height="150"></iframe>


<div class="loadSpinner">


<div class="lds-css ng-scope">


<div class="lds-flickr" style="width: 100%; height: 100%;">


<div></div>




<div></div>




<div></div>


</div>


</div>


</div>


<script>
jQuery(document).ready(function($){
        // addEventListener support for IE8
        function bindEvent(element, eventName, eventHandler) {
            if (element.addEventListener){
                element.addEventListener(eventName, eventHandler, false);
            } else if (element.attachEvent) {
                element.attachEvent('on' + eventName, eventHandler);
            }
        }
        // Send a message to the child iframe
        var iframeEl = document.getElementById('unserIframe'),
            messageButton = document.getElementById('message_button'),
            resultst = document.getElementById('resultst');
        // Send a message to the child iframe
        var sendMessage = function(msg) {
            // Make sure you are sending a string, and to stringify JSON
            iframeEl.contentWindow.postMessage(msg, '*');
        };
        // Send random messge data on every button click
        //bindEvent(messageButton, 'click', function (e) {
         window.onload = function() {
          sendMessage('Colmar_fr');
        };
        // Listen to message from child window
        bindEvent(window, 'message', function (e) {
            if(e.data == 'clicked_fr'){
               $("#unserIframe").delay(1000).animate({opacity: 1}, 1000);      
               $(".loadSpinner").delay(1000).animate({opacity: 0}, 1000).fadeOut();      
             }
            if(e.data == 'showOverlay'){
                $(".iframe_overlay").fadeIn();
                $("#unserIframe").addClass("fixedFrameOpen");
                $("body").addClass("frameOpen");
                $("#primary").addClass("addHeight");
             }
             if(e.data == 'hideOverlay'){
               // location.reload();
                $(".iframe_overlay").fadeOut();
                $("#unserIframe").removeClass("fixedFrameOpen");
                $("body").removeClass("frameOpen");
                $("#primary").removeClass("addHeight");
             }
        });
});
</script>
<script>
jQuery(document).ready(function($){
setInterval(function(){ 
var Oldheight = ($("#main").height() - 440);
$('#primary').height(Oldheight);
}, 100);
});
</script>
--></p>

<p>Réservation obligatoire. Réduction de 50% pour les enfants de 3 à 12 ans. Enfants de 0 à 2 ans : € 12,00 frais de transport. Colmar &#8211; Sur les traces de Napoleon Mai à Octobre 2026 Mai : Sam. 2 / Jeu 14 / Sam 23 Juin : Jeu 4 / Sam 13/ Sam 20 &hellip; </p>
<p class="link-more"><a href="https://bfs-linie.de/fr/ligne-colmar/" class="more-link">Continuer la lecture<span class="screen-reader-text"> de &laquo;&nbsp;Ligne Colmar&nbsp;&raquo;</span></a></p>
